{"id":2,"date":"2020-07-13T18:34:25","date_gmt":"2020-07-13T18:34:25","guid":{"rendered":"http:\/\/yunnantravelec.com\/\/?page_id=2"},"modified":"2023-11-10T12:39:49","modified_gmt":"2023-11-10T17:39:49","slug":"buscadordeviajes","status":"publish","type":"page","link":"https:\/\/yunnantravelec.com\/","title":{"rendered":"Buscador Yunnan Travel"},"content":{"rendered":"\n<div class=\"wp-block-image\"><figure class=\"aligncenter\"><img loading=\"lazy\" decoding=\"async\" width=\"246\" height=\"81\" src=\"https:\/\/yunnantravelec.com\/wp-content\/uploads\/2020\/07\/logo-yunnan-travel-Quitomini.jpg\" alt=\"\" class=\"wp-image-8\"\/><\/figure><\/div>\n\n\n\n<p>Somos una empresa asesora profesional, en viajes nacionales e internacionales, tu Smart Travel Agent, con 15 a\u00f1os de trayectoria en la industria tur\u00edstica, brindando servicios de \u00a0calidad, con seguridad, confianza y acompa\u00f1amiento antes, durante y posterior a tus viajes, por vacaciones, trabajo o eventos, sean estos individuales, grupales o corporativos. Tenemos una serie de productos como son: tickets a\u00e9reos, hoteles, tours guiados, tours de conciertos, tours de espect\u00e1culos deportivos, circuitos completos por diferentes ciudades y pa\u00edses, seguro de viajes, renta de autos, tr\u00e1mites de visado por turismo si el destino lo requiere, que har\u00e1 de tus viajes una experiencia inolvidable.<\/p>\n\n\n\n<div id=\"capa\"><\/div>\n\n<script>\n\n    $(document).ready(function ()\n\n    {\n\n \n\n        $.get(\"https:\/\/panasystem.eurolatina.travel\/public\/buscador?idAgencia=430\", function (htmlexterno) {\n\n            $(\"#capa\").html(htmlexterno);\n\n        });\n\n \n\n \n\n    });\n\n<\/script>\n\n\n\n<h3 class=\"has-text-align-center wp-block-heading\" id=\"si-prefieres-puedes-comprar-directamente-una-gama-de-productos-a-traves-de-nuestro-buscador-o-cualquier-inquietud-no-dudes-en-contactarnos-0987701438-o-2546987\">Si prefieres puedes comprar directamente una gama de productos a trav\u00e9s de nuestro buscador o cualquier inquietud no dudes en contactarnos:<br>0987701438<\/h3>\n\n\n\n<p>Email: anacris@yunnantravelec.com<\/p>\n\n\n\n<div class=\"wp-block-columns is-layout-flex wp-container-core-columns-is-layout-9d6595d7 wp-block-columns-is-layout-flex\">\n<div class=\"wp-block-column is-layout-flow wp-block-column-is-layout-flow\">\n<div class=\"wp-block-group\"><div class=\"wp-block-group__inner-container is-layout-flow wp-block-group-is-layout-flow\">\n<h4 class=\"wp-block-heading\" id=\"enterate-de-nuestras-promociones-br-en-redes-sociales\">Ent\u00e9rate de nuestras promociones en redes sociales<\/h4>\n<\/div><\/div>\n<\/div>\n\n\n\n<div class=\"wp-block-column is-layout-flow wp-block-column-is-layout-flow\">\n<div class=\"wp-block-columns is-layout-flex wp-container-core-columns-is-layout-9d6595d7 wp-block-columns-is-layout-flex\">\n<div class=\"wp-block-column is-layout-flow wp-block-column-is-layout-flow\">\n<figure class=\"wp-block-image size-full is-resized\"><a href=\"https:\/\/www.facebook.com\/agenciadeviajesyunnantravel\/\" target=\"_blank\" rel=\"noopener\"><img loading=\"lazy\" decoding=\"async\" src=\"https:\/\/yunnantravelec.com\/wp-content\/uploads\/2022\/02\/logo-facebook.jpg\" alt=\"\" class=\"wp-image-34\" width=\"50\" height=\"50\" srcset=\"https:\/\/yunnantravelec.com\/wp-content\/uploads\/2022\/02\/logo-facebook.jpg 159w, https:\/\/yunnantravelec.com\/wp-content\/uploads\/2022\/02\/logo-facebook-150x150.jpg 150w\" sizes=\"auto, (max-width: 50px) 100vw, 50px\" \/><\/a><\/figure>\n<\/div>\n\n\n\n<div class=\"wp-block-column is-layout-flow wp-block-column-is-layout-flow\">\n<figure class=\"wp-block-image size-full is-resized\"><a href=\"https:\/\/www.facebook.com\/yunnantravel.companiaturismo\/\" target=\"_blank\" rel=\"noopener\"><img loading=\"lazy\" decoding=\"async\" src=\"https:\/\/yunnantravelec.com\/wp-content\/uploads\/2022\/02\/logo-facebook.jpg\" alt=\"\" class=\"wp-image-34\" width=\"49\" height=\"49\" srcset=\"https:\/\/yunnantravelec.com\/wp-content\/uploads\/2022\/02\/logo-facebook.jpg 159w, https:\/\/yunnantravelec.com\/wp-content\/uploads\/2022\/02\/logo-facebook-150x150.jpg 150w\" sizes=\"auto, (max-width: 49px) 100vw, 49px\" \/><\/a><\/figure>\n<\/div>\n\n\n\n<div class=\"wp-block-column is-layout-flow wp-block-column-is-layout-flow\">\n<figure class=\"wp-block-image size-full is-resized\"><a href=\"https:\/\/twitter.com\/yunnantravel\" target=\"_blank\" rel=\"noopener\"><img loading=\"lazy\" decoding=\"async\" src=\"https:\/\/yunnantravelec.com\/wp-content\/uploads\/2022\/02\/logo-twiter.jpg\" alt=\"\" class=\"wp-image-36\" width=\"47\" height=\"47\" srcset=\"https:\/\/yunnantravelec.com\/wp-content\/uploads\/2022\/02\/logo-twiter.jpg 159w, https:\/\/yunnantravelec.com\/wp-content\/uploads\/2022\/02\/logo-twiter-150x150.jpg 150w\" sizes=\"auto, (max-width: 47px) 100vw, 47px\" \/><\/a><\/figure>\n<\/div>\n\n\n\n<div class=\"wp-block-column is-layout-flow wp-block-column-is-layout-flow\">\n<figure class=\"wp-block-image size-full is-resized\"><a href=\"https:\/\/www.instagram.com\/YunnanEC\/\" target=\"_blank\" rel=\"noopener\"><img loading=\"lazy\" decoding=\"async\" src=\"https:\/\/yunnantravelec.com\/wp-content\/uploads\/2022\/02\/logo-instagram.jpg\" alt=\"\" class=\"wp-image-35\" width=\"49\" height=\"49\" srcset=\"https:\/\/yunnantravelec.com\/wp-content\/uploads\/2022\/02\/logo-instagram.jpg 159w, https:\/\/yunnantravelec.com\/wp-content\/uploads\/2022\/02\/logo-instagram-150x150.jpg 150w\" sizes=\"auto, (max-width: 49px) 100vw, 49px\" \/><\/a><\/figure>\n<\/div>\n<\/div>\n<\/div>\n<\/div>\n\n\n\n<p>Direcci\u00f3n: Javier Ascazubi E 1 16 y 10 de Agosto  <br>edificio Galer\u00edas Profesionales primer piso oficina 2<\/p>\n\n\n\n<iframe src=\"https:\/\/www.google.com\/maps\/embed?pb=!1m14!1m8!1m3!1d6710.007503781738!2d-78.49541249229722!3d-0.19696679966270494!3m2!1i1024!2i768!4f13.1!3m3!1m2!1s0x91d59b760921282f%3A0xa74cbd1a568650b3!2sCompa%C3%B1%C3%ADa%20de%20Turismo%20Yunnan%20Travel!5e0!3m2!1ses!2sec!4v1699637939122!5m2!1ses!2sec\" width=\"600\" height=\"450\" style=\"border:0;\" allowfullscreen=\"\" loading=\"lazy\" referrerpolicy=\"no-referrer-when-downgrade\"><\/iframe>\n\n\n\n<p><\/p>\n","protected":false},"excerpt":{"rendered":"<p>Somos una empresa asesora profesional, en viajes nacionales e internacionales, tu Smart Travel Agent, con 15 a\u00f1os de trayectoria en la industria tur\u00edstica, brindando servicios de \u00a0calidad, con seguridad, confianza y acompa\u00f1amiento antes, durante y posterior a tus viajes, por vacaciones, trabajo o eventos, sean estos individuales, grupales o corporativos. Tenemos una serie de productos&hellip;&nbsp;<a href=\"https:\/\/yunnantravelec.com\/\" rel=\"bookmark\">Leer m\u00e1s &raquo;<span class=\"screen-reader-text\">Buscador Yunnan Travel<\/span><\/a><\/p>\n","protected":false},"author":1,"featured_media":0,"parent":0,"menu_order":0,"comment_status":"closed","ping_status":"open","template":"","meta":{"neve_meta_sidebar":"","neve_meta_container":"","neve_meta_enable_content_width":"","neve_meta_content_width":0,"neve_meta_title_alignment":"","neve_meta_author_avatar":"","neve_post_elements_order":"","neve_meta_disable_header":"","neve_meta_disable_footer":"","neve_meta_disable_title":"","footnotes":""},"class_list":["post-2","page","type-page","status-publish","hentry"],"_links":{"self":[{"href":"https:\/\/yunnantravelec.com\/index.php\/wp-json\/wp\/v2\/pages\/2","targetHints":{"allow":["GET"]}}],"collection":[{"href":"https:\/\/yunnantravelec.com\/index.php\/wp-json\/wp\/v2\/pages"}],"about":[{"href":"https:\/\/yunnantravelec.com\/index.php\/wp-json\/wp\/v2\/types\/page"}],"author":[{"embeddable":true,"href":"https:\/\/yunnantravelec.com\/index.php\/wp-json\/wp\/v2\/users\/1"}],"replies":[{"embeddable":true,"href":"https:\/\/yunnantravelec.com\/index.php\/wp-json\/wp\/v2\/comments?post=2"}],"version-history":[{"count":34,"href":"https:\/\/yunnantravelec.com\/index.php\/wp-json\/wp\/v2\/pages\/2\/revisions"}],"predecessor-version":[{"id":84,"href":"https:\/\/yunnantravelec.com\/index.php\/wp-json\/wp\/v2\/pages\/2\/revisions\/84"}],"wp:attachment":[{"href":"https:\/\/yunnantravelec.com\/index.php\/wp-json\/wp\/v2\/media?parent=2"}],"curies":[{"name":"wp","href":"https:\/\/api.w.org\/{rel}","templated":true}]}}